-10). Let h = v + -390. What is the tens digit of h?
0
Let r(s) be the first derivative of -s**4/12 + 2*s**3 + 5*s**2/2 + 8*s + 7. Let d(z) be the first derivative of r(z). What is the tens digit of d(10)?
2
Let q = 26 + -23. Suppose -m - o + 16 = -5*o, q*m + o - 48 = 0. What is the units digit of m?
6
Suppose 3*t - 5*r - 132 = 0, -2*r + 9 = -t + 54. Suppose -32*o + t*o - 2275 = 0. What is the tens digit of o?
2
What is the hundreds digit of 489/(-326)*((-9008)/3 + 2)?
5
Suppose -l + w - 2*w - 7 = 0, 9 = 3*w. Let m = 76 - l. What is the units digit of m?
6
Let w be (-1)/(-3)*9 + 2. Let k be w/((-5)/(-2)) + -14. Let n(c) = c**2 + 9*c - 1. What is the units digit of n(k)?
5
Suppose -7*w + 586 + 1024 = 0. What is the units digit of w?
0
Suppose 3*b + 4*k - 30 = k, -4*b - 3*k = -35. Suppose -p + 71 = p - o, 2*p = -b*o + 101. What is the tens digit of p?
3
Let x(z) be the third derivative of z**5/60 + z**4/6 + 5*z**3/2 + 16*z**2. What is the tens digit of x(-4)?
1
Let h = -56 + 236. Suppose -3*d - 2*d = -h. What is the units digit of d?
6
Let l be (4/14)/(4/28). Let h be l/(-1)*(-6)/(-3). Let q(r) = r**3 + 6*r**2 - r - 4. What is the units digit of q(h)?
2
Let p = 502 - 232. Suppose 0 = 16*f - 11*f - p. What is the tens digit of f?
5
Let t(f) = f + 56. Let i(z) = z**2 - 34*z + 69. Let n be i(32). What is the tens digit of t(n)?
6
Let d(z) = 3*z - 6. Suppose 0 = 3*a + 2*u - 10, 0 = u - 4*u - 3. Let g be d(a). Suppose -g*o + 52 = -2*o. What is the units digit of o?
3
Suppose -9*p = -4*i - 11*p + 18570, -13917 = -3*i + 2*p. What is the units digit of i?
1
Suppose -5*y + 24 - 139 = 0. Let n be y/(-7) + (-14)/49. Suppose -4*f = -n*f - 66. What is the units digit of f?
6
Suppose 0 = 10*z - 5*z. Suppose z = -j - 5*y + 24, 0 = 4*j - y - 6 - 6. Suppose j*u + x - 43 = 0, -3*u + 22 = -2*x - 24. What is the tens digit of u?
1
Let l be 6/(-12) + (-10)/(-4). Let y(f) = 8*f + 4*f**l - 20*f + 10 + 9*f. What is the units digit of y(4)?
2
Let a(q) = 378*q - 343. What is the units digit of a(6)?
5
Let n = -390 - -865. What is the units digit of n?
5
Suppose -5*k - 3 - 3 = 3*t, 0 = -5*k + 4*t + 8. Let a = 32 + k. What is the tens digit of a?
3
Let d be 36/234 + 3*(-5)/13. What is the hundreds digit of (-1)/6*-725 - d/6?
1
Let q(c) = -c**3 - 14*c**2 + 7. Let z be q(-14). What is the units digit of z - ((-5 - -1) + 2)?
9
Let v = 58 + 38. What is the tens digit of v?
9
Let k(r) = -r**3 + 5*r**2 + 4*r + 4. Let g be k(-10). What is the units digit of g/216 + 2/18*2?
7
Let b = 0 - -24. Suppose -3*p + b = p. What is the units digit of (6 + 0/2)*p?
6
Suppose -248 = -3*t + t. Suppose t = -2*h + 6*h. What is the tens digit of h?
3
Let l = -77 + 74. Suppose t + 22 = 3*d - d, 2*d - 2*t = 26. Let p = l + d. What is the units digit of p?
6
Suppose -3*a - 4*u + 5731 = 0, 5*a - 7584 = -3*u + 1986. What is the units digit of a?
7
Let w = 9 - 9. Suppose w = -2*m + 34 + 78. What is the units digit of m?
6
Let g(d) = d**3 + d**2 - 15*d - 59. Let s be g(-6). Suppose -m + 187 + 27 = 0. Let n = m + s. What is the tens digit of n?
6
Suppose -5*p = 2*k - 640 - 372, 0 = 5*k - 2*p - 2559. What is the hundreds digit of k?
5
Suppose 4*y + 2*t - t = 22, 12 = 2*y + t. Suppose 2*s - 4*s + 36 = y*i, -5*s = -15. What is the tens digit of 22/(-4)*(i + -8)?
1
Suppose 5*v - 3*v = 8. Suppose 0*x - 179 = -v*x - 5*o, x = -2*o + 47. What is the tens digit of x?
4
Suppose -5*z + 15 + 10 = 0. Suppose -j = -z*b - 71, 2*b + b = -2*j + 155. Let p = j - 40. What is the tens digit of p?
3
Let u(d) = d**3 - 10*d**2 + 9*d + 2. Suppose -m = -2*m + 3, 3*m = 2*y - 9. Let x be u(y). What is the units digit of x/3 + (-1162)/(-21)?
6
Let t = 37 - 35. Suppose -t*k = v - 110, 3*k - 144 + 529 = 4*v. What is the tens digit of v?
0
Suppose 682 = 9*y - 7*y + 3*b, -5*b = -10. Let q = y - 191. What is the units digit of q?
7
Let o(q) = -q**3 + 5*q**2 + 2*q - 1. Let z be (5 + -3 - -3)*1. Let u be o(z). What is the tens digit of 1*66*u/27?
2
What is the units digit of (50 + 0)/((-7)/(-70))?
0
Let x be 4/(-16)*2*-294. Let z = x + 35. Suppose -63 - z = -7*b. What is the units digit of b?
5
Let y(l) = l - 4. Let m be y(6). Suppose m = -2*a, -2*k - 3*a - 17 = -60. What is the tens digit of k?
2
Let w = 40 - 62. Let a = w - -27. Let s(m) = 9*m - 2. What is the units digit of s(a)?
3
Let w = 2409 - 793. What is the thousands digit of w?
1
Let u be -5*(-6)/20*4. Suppose 0 = -u*v - 35 + 221. What is the tens digit of v?
3
Let t(h) = 9*h - 5. Let a be t(4). Let l = -175 - -169. Let p = a + l. What is the tens digit of p?
2
Let t = 120 + -8. Suppose -d = d - t. Suppose -x = -3*x + d. What is the tens digit of x?
2
Let j be (-305)/15 - 3/(-9). Let t be (-1 - j/8)*2. Suppose -2*w + t*w = 58. What is the tens digit of w?
5
Let s(x) = 3*x**3 - 17*x**2 + 21*x + 37. What is the hundreds digit of s(10)?
5
Let j(x) = 3*x**3 - 3*x**2 + x + 2. Let o be j(2). Suppose o = 4*q - 0*q. Let p(u) = 2*u**3 - 6*u**2 + 4*u + 3. What is the tens digit of p(q)?
5
Let a be 0/(-3)*(-2)/(-4). Suppose -5*j - 72 = -4*k + 105, -3*k - 5*j = -124. Let d = a + k. What is the units digit of d?
3
Let d(o) = -22*o**2 + 10*o - 14. Let s(x) = -x**2 + x - 1. Let l(w) = -d(w) + 8*s(w). Let z be l(3). Let k = z + -70. What is the units digit of k?
6
Suppose 198 + 22 = -5*g. Let n = -20 - g. Suppose 0 = 2*o + 2*z + 2*z - 8, -3*z - n = -o. What is the units digit of o?
2
Let o(m) = m**2 - 13*m - 30. Let p be o(15). Suppose -2*b + 242 = b + 2*x, p = -5*b - 4*x + 404. What is the tens digit of b?
8
Let r(l) = -l**2 - 16*l + 19. Let g be (51/(-34))/((-1)/(-10)). What is the units digit of r(g)?
4
Let p = 297 + -192. Suppose 0 = 2*i - 7*i - p. Let w = 39 + i. What is the tens digit of w?
1
Let m(q) = 3*q**2 + q + 14. Let v = -96 - -92. What is the units digit of m(v)?
8
Suppose -3 = v - 5. Suppose -45 = -f + 3*q + 85, 304 = v*f + 5*q. What is the hundreds digit of f?
1
Suppose -4*i = -6*i + 18. Let y = -8 + i. What is the units digit of (-9)/(-3) - (-4)/y?
7
Let r(c) = -210*c - 169. What is the hundreds digit of r(-9)?
7
Let b = -564 + 1218. What is the tens digit of b?
5
Let r = -30 - 37. Let q = 138 + r. What is the tens digit of q?
7
Let p = -120 + 219. Suppose 0 = -v + 4*j + p, -v + 4*j = v - 190. What is the tens digit of v?
9
Suppose 4*y - 5*u = 244, 2*u + 61 = y - 0*u. Let p = -19 + y. What is the units digit of p?
2
Let p(k) be the first derivative of -k**4/4 - 5*k**3 + 8*k**2 + 6*k + 62. Suppose 3*m = m - 32. What is the units digit of p(m)?
6
Let n be -1*(-6)/4*-2. What is the tens digit of (-7 + 1 + 3)*310/n?
1
Suppose 5*a - 7 = -q, -3*a + q = a - 11. Suppose a*o - 50 = o. Suppose -v = 11 - o. What is the units digit of v?
9
Let v = -659 + 1225. What is the hundreds digit of v?
5
Let x(t) = t**2 - 7*t - 12. Let i(k) = 3*k**2 - 14*k - 24. Let l(d) = 2*i(d) - 5*x(d). Suppose 3*y = -y - 24. What is the units digit of l(y)?
6
Let o(y) = -y**2 + 48*y - 43. What is the hundreds digit of o(27)?
5
Let c be (1 + 2 - -23) + -1. Suppose 0 = 4*f + 20, 3*f + c = 5*p - 2*f. What is the units digit of ((-6)/9 - p)*-27?
8
Let a be (3 - 1) + 2/2. Let c = -661 - -665. Suppose 4*u - 44 = 4*k, 12 = -2*u + c*u + a*k. What is the units digit of u?
9
Let a = -14 + 25. Let s = 13 - a. Suppose s*h + 2*o - 6*o = 30, 3*h + 2*o - 29 = 0. What is the tens digit of h?
1
What is the tens digit of (-3)/(2 - (-4460)/(-2224))?
5
Let t be (-2 + (-6)/(-3))/(-3). Suppose 0 = 2*s - t*s. Suppose 4*d + 0*d + 2*m - 90 = 0, -4*d + 4*m + 72 = s. What is the units digit of d?
1
Let h = -147 + 203. Suppose -1 = -2*z + 15. Let a = h - z. What is the units digit of a?
8
What is the units digit of 1/((-5)/(-515) + 0)?
3
Let q(j) = 2*j - 12. Let z be q(6). What is the tens digit of (198 - 0)/3 + z?
6
Suppose 4*z + 5 = -3. Let b be ((-36)/(-45))/(z/95). What is the units digit of b/(-8) + (-10)/(-40)?
5
Suppose -5*b + 37 = 2*o, 0*b = -o - b + 11. Suppose 8*u = o*u. Suppose -9*z + 2*z + 7 = u. What is the units digit of z?
1
Let h(a) = 2*a**2 + 10*a + 1200. What is the tens digit of h(0)?
0
Let n be -3 - (8 - 0/5). Let f(h) = h**2 + 4*h + 12. What is the tens digit of f(n)?
8
Let l(h) = -16*h - 18 + 22*h - 1. What is the tens digit of l(14)?
6
Suppose 0 = 5*f + f - 18. Suppose -v + 81 = -f*q, -v + 7 = q - 58. What is the